{"id":356,"date":"2016-10-18T19:55:32","date_gmt":"2016-10-18T17:55:32","guid":{"rendered":"http:\/\/artsvivantscieparadisiaque.fr\/?page_id=356"},"modified":"2022-03-16T11:39:47","modified_gmt":"2022-03-16T10:39:47","slug":"presentation-2","status":"publish","type":"page","link":"https:\/\/artsvivantscieparadisiaque.fr\/index.php\/presentation-2\/","title":{"rendered":"Puisette et Fragile"},"content":{"rendered":"<h3 style=\"text-align: right;\"><span style=\"color: #000000;\">\u00a0<\/span><\/h3>\n<h3 style=\"text-align: left;\"><span style=\"color: #000000;\">Th\u00e9\u00e2tre &#8211; Danse<br \/>\nJeune public \u00e0 partir de 3 ans<a href=\"http:\/\/artsvivantscieparadisiaque.fr\/\"><img loading=\"lazy\" decoding=\"async\" class=\"wp-image-1102 alignright\" src=\"http:\/\/artsvivantscieparadisiaque.fr\/wp-content\/uploads\/2017\/10\/bouton-retour-595x229.png\" alt=\"\" width=\"78\" height=\"30\" srcset=\"https:\/\/artsvivantscieparadisiaque.fr\/wp-content\/uploads\/2017\/10\/bouton-retour-595x229.png 595w, https:\/\/artsvivantscieparadisiaque.fr\/wp-content\/uploads\/2017\/10\/bouton-retour.png 600w\" sizes=\"(max-width: 78px) 100vw, 78px\" \/><\/a><\/span><\/h3>\n<h3 style=\"text-align: left;\"><span style=\"color: #000000;\">\u00a0<\/span><\/h3>\n<p style=\"text-align: left;\"><span style=\"color: #000000;\"><img loading=\"lazy\" decoding=\"async\" class=\"wp-image-2344 alignleft\" src=\"http:\/\/artsvivantscieparadisiaque.fr\/wp-content\/uploads\/2020\/08\/nouvelle-image-Puisette-Fragile.jpeg\" alt=\"\" width=\"447\" height=\"504\" \/> <\/span> <span class=\"\" style=\"color: #808080;\">Il y a la terre. Et la mer. La terre, la mer. La terre, la mer. Le phare o\u00f9 vit Puisette.<br class=\"\" \/>Il y a le jour. Et la nuit. Le jour, la nuit.<br class=\"\" \/>Chaque matin Puisette installe la mer, suspend les nuages et gonfle les poissons.<br class=\"\" \/>Chaque soir elle replie la plage, rappelle les vagues et range l\u2019horizon dans son phare, avec simplicit\u00e9.<br class=\"\" \/>Dans son phare, Puisette se croit la seule petite fille au monde.<\/span><\/p>\n<p class=\"\"><span class=\"\" style=\"color: #808080;\">Un matin comme les autres matins, elle trouve un carton \u00e9chou\u00e9 sur sa plage.<br \/>\n\u00ab FRAGILE \u00bb peut-on lire dessus\u2026 Et voil\u00e0 qu\u2019en sort une petite fille \u00e9trange.<br class=\"\" \/>D\u2019o\u00f9 vient-elle ? Que vient-elle faire sur cette plage ? En tous cas elle ne fait rien comme Puisette.<br \/>\n<\/span><\/p>\n<p class=\"\"><span class=\"\" style=\"color: #808080;\">Il y a les jours, les nuits, la terre, la mer. Et la difficult\u00e9 de se retrouver deux.<\/span><\/p>\n<p class=\"\"><span class=\"\" style=\"color: #808080;\">Un jour o\u00f9 c\u2019en est trop, Fragile se r\u00e9embarque sur la mer.<br class=\"\" \/>Dans son phare, Puisette est \u00e0 nouveau la seule petite fille au monde.<br class=\"\" \/>Mais quand la temp\u00eate se l\u00e8ve et d\u00e9cha\u00eene ses vagues au dos rond et ses vents pointus,\u00a0Fragile est en danger, et Puisette, qui comprend que la mer lui a fait un cadeau en envoyant ce carton sur sa plage, va tout faire pour que cette \u00e9trange compagne revienne, revienne lui bouleverser la vie.<\/span><\/p>\n<p class=\"\"><span class=\"\" style=\"color: #808080;\"><i class=\"\">Puisette &amp; Fragile<\/i>\u00a0raconte la naissance d\u00e9licate et po\u00e9tique d\u2019une amiti\u00e9 scell\u00e9e par la mer.<br \/>\n<\/span><\/p>\n<p class=\"\">Illustration de Samuel Ribeyron<\/p>\n<h5 style=\"text-align: left;\"><span style=\"color: #c19138;\"><em><strong>Teaser du spectacle<\/strong><\/em><\/span><\/h5>\n<div style=\"width: 720px;\" class=\"wp-video\"><!--[if lt IE 9]><script>document.createElement('video');<\/script><![endif]-->\n<video class=\"wp-video-shortcode\" id=\"video-356-1\" width=\"720\" height=\"405\" preload=\"metadata\" controls=\"controls\"><source type=\"video\/mp4\" src=\"http:\/\/artsvivantscieparadisiaque.fr\/wp-content\/uploads\/2016\/10\/Puisette-et-Fragile-Final-V3.mp4?_=1\" \/><a href=\"http:\/\/artsvivantscieparadisiaque.fr\/wp-content\/uploads\/2016\/10\/Puisette-et-Fragile-Final-V3.mp4\">http:\/\/artsvivantscieparadisiaque.fr\/wp-content\/uploads\/2016\/10\/Puisette-et-Fragile-Final-V3.mp4<\/a><\/video><\/div>\n<p>&nbsp;<\/p>\n<p><span style=\"color: #000000;\"><span style=\"color: #808080;\">Texte, conception : Estelle OLIVIER &amp; Laure POUDEVIGNE<\/span><br \/>\n<\/span><\/p>\n<div class=\"\"><span class=\"\">Accompagnement \u00e0 la mise en sc\u00e8ne : Juliette PRADELLE<br class=\"\" \/>Sc\u00e9nographie, illustration\u00a0: Samuel RIBEYRON<br class=\"\" \/>Musiques\u00a0: Sylvain ROBINE<br class=\"\" \/>Narration : Fr\u00e9d\u00e9ric ROUDIER<br class=\"\" \/>Chor\u00e9graphies : Estelle OLIVIER<br class=\"\" \/>Cr\u00e9ation lumi\u00e8res\u00a0: Sonya PERDIGAO<\/span><\/div>\n<div class=\"\"><span class=\"\">R\u00e9gie lumi\u00e8res : Eva-Mona ESPINOSA<\/span><\/div>\n<div class=\"\"><span class=\"\">R\u00e9gie plateau : Jean-Marie DEBOFFE<br class=\"\" \/>Construction : Samuel RIBEYRON, Greg MONIN<br class=\"\" \/>Costumes\u00a0: GRAIN D\u2019SEL, Annette HILLER<br class=\"\" \/>Photos : Patrice ALBARET, Marc GINOT, Garance LI<\/span><\/div>\n<div><\/div>\n<div class=\"\"><span class=\"\">Avec : Estelle OLIVIER &amp; Laure POUDEVIGNE en alternance avec Amandine RUBIO DESOLME<br \/>\n<br class=\"\" \/>Diffusion : Alexandra BOUGLIONE-EVELEN PRODUCTION<\/span><\/div>\n<p class=\"\"><span class=\"\">Production : Sophie ANDRE<br class=\"\" \/>Administration\u00a0: V\u00e9ronique MUNSCH<br class=\"\" \/><\/span><\/p>\n<p class=\"\"><span class=\"\">Partenaires :<br class=\"\" \/>La SPEDIDAM, LE FONPEPS, Th\u00e9\u00e2tre de la Vista, Montpellier \/ Th\u00e9\u00e2tre L\u2019Atrium de Tassin-la-Demi-Lune \/ La M\u00e9tairie des Arts, Saint Pantal\u00e9on-de-Larche \/Coll\u00e8ge de P\u00e9ranche de Saint Georges-d\u2019Esp\u00e9ranche \/ Ville de Saint G\u00e9ly-du-Fesc \/ La Cie L\u2019Aigrette (38)<\/span><\/p>\n<p><span style=\"color: #c19138;\"><em><strong>Extrait sonore du spectacle<\/strong><\/em><\/span><\/p>\n<!--[if lt IE 9]><script>document.createElement('audio');<\/script><![endif]-->\n<audio class=\"wp-audio-shortcode\" id=\"audio-356-1\" preload=\"none\" style=\"width: 100%;\" controls=\"controls\"><source type=\"audio\/mpeg\" src=\"http:\/\/artsvivantscieparadisiaque.fr\/wp-content\/uploads\/2016\/10\/teaser_audio_PF..._converted.mp3?_=1\" \/><a href=\"http:\/\/artsvivantscieparadisiaque.fr\/wp-content\/uploads\/2016\/10\/teaser_audio_PF..._converted.mp3\">http:\/\/artsvivantscieparadisiaque.fr\/wp-content\/uploads\/2016\/10\/teaser_audio_PF..._converted.mp3<\/a><\/audio>\n<p><style type=\"text\/css\">.easingslider-1558 { max-width: 540px; }.easingslider-1558 .easingslider-image { max-height: 260px; max-width: 540px; }.easingslider-1558 .easingslider-fade-in, .easingslider-fade-out { -webkit-animation-duration: 400ms; -moz-animation-duration: 400ms; animation-duration: 400ms; }<\/style><script type=\"text\/javascript\">window.EasingSlider1558 = {\"width\":540,\"height\":260,\"singleItem\":true,\"items\":1,\"itemsDesktop\":false,\"itemsDesktopSmall\":false,\"itemsTablet\":false,\"itemsTabletSmall\":false,\"itemsMobile\":false,\"responsive\":true,\"lazyLoad\":true,\"autoPlay\":4000,\"slideSpeed\":400,\"navigation\":true,\"navigationText\":[\"\",\"\"],\"pagination\":true,\"autoHeight\":false,\"mouseDrag\":false,\"touchDrag\":false,\"addClassActive\":true,\"transitionStyle\":\"fade\"};<\/script><div data-id=\"1558\" class=\"easingslider easingslider-1558 easingslider-container easingslider-resizing-enabled easingslider-aspect-ratio easingslider-arrows-inside easingslider-pagination-inside easingslider-pagination-bottom-center\"><div class=\"easingslider-slide\"><img decoding=\"async\" src=\"https:\/\/artsvivantscieparadisiaque.fr\/wp-content\/plugins\/easing-slider\/assets\/images\/placeholder-pixel.png\" data-src=\"https:\/\/artsvivantscieparadisiaque.fr\/wp-content\/uploads\/2018\/03\/puisetteetfragile-0218-185-540x260.jpg\" alt=\"\" title=\"\" class=\"easingslider-image easingslider-lazy\" \/><\/div><div class=\"easingslider-slide\"><img decoding=\"async\" src=\"https:\/\/artsvivantscieparadisiaque.fr\/wp-content\/plugins\/easing-slider\/assets\/images\/placeholder-pixel.png\" data-src=\"https:\/\/artsvivantscieparadisiaque.fr\/wp-content\/uploads\/2018\/03\/puisetteetfragile-0218-133-540x260.jpg\" alt=\"\" title=\"\" class=\"easingslider-image easingslider-lazy\" \/><\/div><div class=\"easingslider-slide\"><img decoding=\"async\" src=\"https:\/\/artsvivantscieparadisiaque.fr\/wp-content\/plugins\/easing-slider\/assets\/images\/placeholder-pixel.png\" data-src=\"https:\/\/artsvivantscieparadisiaque.fr\/wp-content\/uploads\/2018\/03\/puisetteetfragile-0218-122-540x260.jpg\" alt=\"\" title=\"\" class=\"easingslider-image easingslider-lazy\" \/><\/div><div class=\"easingslider-slide\"><img decoding=\"async\" src=\"https:\/\/artsvivantscieparadisiaque.fr\/wp-content\/plugins\/easing-slider\/assets\/images\/placeholder-pixel.png\" data-src=\"https:\/\/artsvivantscieparadisiaque.fr\/wp-content\/uploads\/2018\/03\/puisetteetfragile-0218-069-540x260.jpg\" alt=\"\" title=\"\" class=\"easingslider-image easingslider-lazy\" \/><\/div><div class=\"easingslider-slide\"><img decoding=\"async\" src=\"https:\/\/artsvivantscieparadisiaque.fr\/wp-content\/plugins\/easing-slider\/assets\/images\/placeholder-pixel.png\" data-src=\"https:\/\/artsvivantscieparadisiaque.fr\/wp-content\/uploads\/2018\/03\/puisetteetfragile-0218-050-540x260.jpg\" alt=\"\" title=\"\" class=\"easingslider-image easingslider-lazy\" \/><\/div><div class=\"easingslider-slide\"><img decoding=\"async\" src=\"https:\/\/artsvivantscieparadisiaque.fr\/wp-content\/plugins\/easing-slider\/assets\/images\/placeholder-pixel.png\" data-src=\"https:\/\/artsvivantscieparadisiaque.fr\/wp-content\/uploads\/2018\/03\/puisetteetfragile-0218-035-540x260.jpg\" alt=\"\" title=\"\" class=\"easingslider-image easingslider-lazy\" \/><\/div><div class=\"easingslider-slide\"><img decoding=\"async\" src=\"https:\/\/artsvivantscieparadisiaque.fr\/wp-content\/plugins\/easing-slider\/assets\/images\/placeholder-pixel.png\" data-src=\"https:\/\/artsvivantscieparadisiaque.fr\/wp-content\/uploads\/2018\/03\/puisetteetfragile-0218-032-540x260.jpg\" alt=\"\" title=\"\" class=\"easingslider-image easingslider-lazy\" \/><\/div><div class=\"easingslider-slide\"><img decoding=\"async\" src=\"https:\/\/artsvivantscieparadisiaque.fr\/wp-content\/plugins\/easing-slider\/assets\/images\/placeholder-pixel.png\" data-src=\"https:\/\/artsvivantscieparadisiaque.fr\/wp-content\/uploads\/2018\/03\/PF-3-cre\u0301dit-Marc-Ginot-540x260.jpg\" alt=\"\" title=\"\" class=\"easingslider-image easingslider-lazy\" \/><\/div><div class=\"easingslider-slide\"><img decoding=\"async\" src=\"https:\/\/artsvivantscieparadisiaque.fr\/wp-content\/plugins\/easing-slider\/assets\/images\/placeholder-pixel.png\" data-src=\"https:\/\/artsvivantscieparadisiaque.fr\/wp-content\/uploads\/2018\/03\/PF-2-cre\u0301dit-Marc-Ginot-540x260.jpg\" alt=\"\" title=\"\" class=\"easingslider-image easingslider-lazy\" \/><\/div><div class=\"easingslider-slide\"><img decoding=\"async\" src=\"https:\/\/artsvivantscieparadisiaque.fr\/wp-content\/plugins\/easing-slider\/assets\/images\/placeholder-pixel.png\" data-src=\"https:\/\/artsvivantscieparadisiaque.fr\/wp-content\/uploads\/2018\/03\/PF-1-cre\u0301dit-Marc-Ginot-540x260.jpg\" alt=\"\" title=\"\" class=\"easingslider-image easingslider-lazy\" \/><\/div><\/div>\u00a0 <style type=\"text\/css\">.easingslider-1547 { max-width: 540px; }.easingslider-1547 .easingslider-image { max-height: 260px; max-width: 540px; }.easingslider-1547 .easingslider-fade-in, .easingslider-fade-out { -webkit-animation-duration: 400ms; -moz-animation-duration: 400ms; animation-duration: 400ms; }<\/style><script type=\"text\/javascript\">window.EasingSlider1547 = {\"width\":540,\"height\":260,\"singleItem\":true,\"items\":1,\"itemsDesktop\":false,\"itemsDesktopSmall\":false,\"itemsTablet\":false,\"itemsTabletSmall\":false,\"itemsMobile\":false,\"responsive\":true,\"lazyLoad\":true,\"autoPlay\":4000,\"slideSpeed\":400,\"navigation\":true,\"navigationText\":[\"\",\"\"],\"pagination\":true,\"autoHeight\":false,\"mouseDrag\":false,\"touchDrag\":false,\"addClassActive\":true,\"transitionStyle\":\"fade\"};<\/script><div data-id=\"1547\" class=\"easingslider easingslider-1547 easingslider-container easingslider-resizing-enabled easingslider-aspect-ratio easingslider-arrows-inside easingslider-pagination-inside easingslider-pagination-bottom-center\"><div class=\"easingslider-slide\"><img decoding=\"async\" src=\"https:\/\/artsvivantscieparadisiaque.fr\/wp-content\/plugins\/easing-slider\/assets\/images\/placeholder-pixel.png\" data-src=\"https:\/\/artsvivantscieparadisiaque.fr\/wp-content\/uploads\/2018\/03\/puisetteetfragile-0218-156-540x260.jpg\" alt=\"\" title=\"\" class=\"easingslider-image easingslider-lazy\" \/><\/div><div class=\"easingslider-slide\"><img decoding=\"async\" src=\"https:\/\/artsvivantscieparadisiaque.fr\/wp-content\/plugins\/easing-slider\/assets\/images\/placeholder-pixel.png\" data-src=\"https:\/\/artsvivantscieparadisiaque.fr\/wp-content\/uploads\/2018\/03\/puisetteetfragile-0218-141-540x260.jpg\" alt=\"\" title=\"\" class=\"easingslider-image easingslider-lazy\" \/><\/div><div class=\"easingslider-slide\"><img decoding=\"async\" src=\"https:\/\/artsvivantscieparadisiaque.fr\/wp-content\/plugins\/easing-slider\/assets\/images\/placeholder-pixel.png\" data-src=\"https:\/\/artsvivantscieparadisiaque.fr\/wp-content\/uploads\/2018\/03\/puisetteetfragile-0218-115-540x260.jpg\" alt=\"\" title=\"\" class=\"easingslider-image easingslider-lazy\" \/><\/div><div class=\"easingslider-slide\"><img decoding=\"async\" src=\"https:\/\/artsvivantscieparadisiaque.fr\/wp-content\/plugins\/easing-slider\/assets\/images\/placeholder-pixel.png\" data-src=\"https:\/\/artsvivantscieparadisiaque.fr\/wp-content\/uploads\/2018\/03\/puisetteetfragile-0218-113-540x260.jpg\" alt=\"\" title=\"\" class=\"easingslider-image easingslider-lazy\" \/><\/div><div class=\"easingslider-slide\"><img decoding=\"async\" src=\"https:\/\/artsvivantscieparadisiaque.fr\/wp-content\/plugins\/easing-slider\/assets\/images\/placeholder-pixel.png\" data-src=\"https:\/\/artsvivantscieparadisiaque.fr\/wp-content\/uploads\/2018\/03\/puisetteetfragile-0218-110-540x260.jpg\" alt=\"\" title=\"\" class=\"easingslider-image easingslider-lazy\" \/><\/div><div class=\"easingslider-slide\"><img decoding=\"async\" src=\"https:\/\/artsvivantscieparadisiaque.fr\/wp-content\/plugins\/easing-slider\/assets\/images\/placeholder-pixel.png\" data-src=\"https:\/\/artsvivantscieparadisiaque.fr\/wp-content\/uploads\/2018\/03\/puisetteetfragile-0218-088-540x260.jpg\" alt=\"\" title=\"\" class=\"easingslider-image easingslider-lazy\" \/><\/div><div class=\"easingslider-slide\"><img decoding=\"async\" src=\"https:\/\/artsvivantscieparadisiaque.fr\/wp-content\/plugins\/easing-slider\/assets\/images\/placeholder-pixel.png\" data-src=\"https:\/\/artsvivantscieparadisiaque.fr\/wp-content\/uploads\/2018\/03\/puisetteetfragile-0218-057-540x260.jpg\" alt=\"\" title=\"\" class=\"easingslider-image easingslider-lazy\" \/><\/div><div class=\"easingslider-slide\"><img decoding=\"async\" src=\"https:\/\/artsvivantscieparadisiaque.fr\/wp-content\/plugins\/easing-slider\/assets\/images\/placeholder-pixel.png\" data-src=\"https:\/\/artsvivantscieparadisiaque.fr\/wp-content\/uploads\/2018\/03\/puisetteetfragile-0218-037-540x260.jpg\" alt=\"\" title=\"\" class=\"easingslider-image easingslider-lazy\" \/><\/div><\/div><\/p>\n<p><em>Puisette &amp; Fragile<\/em>\u00a0raconte la naissance d\u00e9licate et po\u00e9tique d\u2019une amiti\u00e9, scell\u00e9e par la mer.<\/p>\n<p><span class=\"\">P<\/span><span class=\"\">uisette &amp; Fragile<\/span> <span class=\"\">est une pi\u00e8ce sur l\u2019imaginaire de l\u2019enfance.<br \/>\n<\/span><span class=\"\">Puisette cr\u00e9e la mer \u00e0 partir de bouts de ficelles, d\u2019une quincaillerie sonore ou de papier mais dont le pouvoir \u00e9vocatoire est si puissant que tout existe. Fragile cr\u00e9e le fr\u00e9tillement de vie des poissons de tissu par la danse. La temp\u00eate elle-m\u00eame, qui est la cl\u00e9 du d\u00e9nouement de l\u2019histoire, est une composition. Une composition si forte qu\u2019elle va \u00e9chapper \u00e0 la ma\u00eetrise de Puisette.<\/span><\/p>\n<p><span class=\"\">Il est aussi question de territoire. L\u2019envahissement qui cr\u00e9e la peur et le rejet. La pi\u00e8ce ouvre les \u00e9coutilles d\u2019un questionnement\u00a0sur l\u2019arriv\u00e9e d\u2019un autre dans notre espace. Dans notre vie intime, dans notre vie d\u2019humains. Celle des tous petits, de chacun. Comment comprendre, comment accueillir ce qui vient d\u2019ailleurs ou de par les mers, qui est diff\u00e9rent de soi ?<br \/>\n<\/span><span class=\"\">C\u2019est enfin une histoire de solitude et d\u2019alt\u00e9rit\u00e9, et la naissance de l\u2019amiti\u00e9. Nous avons eu envie de prendre nos personnages par surprise, dans les filets de ce qui r\u00e9unit : danser, chanter, construire, affronter ses peurs ensemble.<br \/>\n<\/span><span class=\"\">Jouanneau dit de sa pi\u00e8ce L\u2019Adopt\u00e9e, \u00ab\u00a0J\u2019ai [l\u2019ai] \u00e9crit[e] pour que plus tard, tu ouvres ta porte quand passe un \u00e9tranger\u00a0\u00bb\u2026 en tous cas, ne la referme pas trop vite, avons-nous envie de chuchoter\u2026<\/span><\/p>\n<p>&nbsp;<\/p>\n<p><span style=\"color: #c19138;\">PROCESSUS DE CR\u00c9ATION<br \/>\n<\/span><br \/>\n<strong>&gt; Saison 2016-2017<br \/>\n<\/strong><span class=\"\">R\u00e9sidences de recherche et d\u2019\u00e9criture :<br class=\"\" \/>_Salle culturelle de Saint G\u00e9ly-du-Fesc (34), avril 2016<br class=\"\" \/>_Th\u00e9\u00e2tre de La Vista de Montpellier (34), octobre 2016<br class=\"\" \/>_Th\u00e9\u00e2tre L\u2019Atrium \u00e0 Tassin-la-Demi-Lune (69), janvier 2017<\/span><\/p>\n<p class=\"\"><span class=\"\">R\u00e9sidences de 1\u00e8re \u00e9tape de cr\u00e9ation :<br class=\"\" \/>_Coll\u00e8ge de Saint Georges-d\u2019Esp\u00e9ranche (38), f\u00e9vrier 2017 avec r\u00e9p\u00e9titions ouvertes et ateliers avec les coll\u00e9giens.<br \/>\n<\/span><span class=\"\">_La M\u00e9tairie des arts, Saint Pantal\u00e9on-de-Larche (19), avril 2017<\/span><\/p>\n<p>&gt; <strong>Saison 2017-2018<br \/>\n<\/strong><span class=\"\">R\u00e9sidences de 2\u00e8me \u00e9tape de cr\u00e9ation :<br class=\"\" \/>_Th\u00e9\u00e2tre La Vista Montpellier (34), novembre 2018 &amp; janvier 2018\u00a0<\/span><\/p>\n<p>&nbsp;<\/p>\n<h5><\/h5>\n<div style=\"width: 680px;\" class=\"wp-video\"><video class=\"wp-video-shortcode\" id=\"video-356-2\" width=\"680\" height=\"120\" preload=\"metadata\" controls=\"controls\"><source type=\"video\/mp4\" src=\"http:\/\/artsvivantscieparadisiaque.fr\/wp-content\/uploads\/2022\/02\/PampF.mp4?_=2\" \/><a href=\"http:\/\/artsvivantscieparadisiaque.fr\/wp-content\/uploads\/2022\/02\/PampF.mp4\">http:\/\/artsvivantscieparadisiaque.fr\/wp-content\/uploads\/2022\/02\/PampF.mp4<\/a><\/video><\/div>\n<p><span style=\"color: black;\">\u00a0<\/span><\/p>\n<p>&nbsp;<\/p>\n<p>&nbsp;<\/p>\n<p><span style=\"color: #000000;\">\u00a0<\/span><\/p>\n","protected":false},"excerpt":{"rendered":"<p>\u00a0 Th\u00e9\u00e2tre &#8211; Danse Jeune public \u00e0 partir de 3 ans \u00a0 Il y a la terre. Et la mer. La terre, la mer. La terre, la mer. Le phare o\u00f9 vit Puisette.Il y a le jour. Et la nuit.<\/p>\n","protected":false},"author":1,"featured_media":0,"parent":0,"menu_order":0,"comment_status":"closed","ping_status":"closed","template":"","meta":{"footnotes":""},"aioseo_notices":[],"_links":{"self":[{"href":"https:\/\/artsvivantscieparadisiaque.fr\/index.php\/wp-json\/wp\/v2\/pages\/356"}],"collection":[{"href":"https:\/\/artsvivantscieparadisiaque.fr\/index.php\/wp-json\/wp\/v2\/pages"}],"about":[{"href":"https:\/\/artsvivantscieparadisiaque.fr\/index.php\/wp-json\/wp\/v2\/types\/page"}],"author":[{"embeddable":true,"href":"https:\/\/artsvivantscieparadisiaque.fr\/index.php\/wp-json\/wp\/v2\/users\/1"}],"replies":[{"embeddable":true,"href":"https:\/\/artsvivantscieparadisiaque.fr\/index.php\/wp-json\/wp\/v2\/comments?post=356"}],"version-history":[{"count":181,"href":"https:\/\/artsvivantscieparadisiaque.fr\/index.php\/wp-json\/wp\/v2\/pages\/356\/revisions"}],"predecessor-version":[{"id":2749,"href":"https:\/\/artsvivantscieparadisiaque.fr\/index.php\/wp-json\/wp\/v2\/pages\/356\/revisions\/2749"}],"wp:attachment":[{"href":"https:\/\/artsvivantscieparadisiaque.fr\/index.php\/wp-json\/wp\/v2\/media?parent=356"}],"curies":[{"name":"wp","href":"https:\/\/api.w.org\/{rel}","templated":true}]}}