{"id":2576,"date":"2022-01-30T11:06:59","date_gmt":"2022-01-30T10:06:59","guid":{"rendered":"http:\/\/artsvivantscieparadisiaque.fr\/?page_id=2576"},"modified":"2024-01-25T11:03:16","modified_gmt":"2024-01-25T10:03:16","slug":"agenda-des-tournees","status":"publish","type":"page","link":"https:\/\/artsvivantscieparadisiaque.fr\/index.php\/agenda-des-tournees\/","title":{"rendered":"Agenda des tourn\u00e9es"},"content":{"rendered":"<h1>Puisette et Fragile en tourn\u00e9e<\/h1>\n<p><img loading=\"lazy\" decoding=\"async\" class=\"alignnone size-full wp-image-2636\" src=\"http:\/\/artsvivantscieparadisiaque.fr\/wp-content\/uploads\/2022\/01\/Image-for-Key-Ring.png\" alt=\"\" width=\"436\" height=\"314\" \/><\/p>\n<p><span style=\"color: #ff6600;\"><strong>Les tourn\u00e9es de Puisette &amp; Fragile <\/strong><\/span><\/p>\n<p><span style=\"color: #ff6600;\"><strong>2023-2024<\/strong><\/span><\/p>\n<p>Le 6 mars 2024 \u2022 Maison pour tous Fanfonne Guillierme \u2022 Montpellier (34)<br \/>\nLes 3, 4 et 5 mars 2024 \u2022 Th\u00e9\u00e2tre Jean Alary \u2022 Carcassonne (11)<br \/>\nLe 1er mars 2024 \u2022 Centre culturel Helen Adam \u2022 B\u00e9doin (84)<br \/>\nLe 24 f\u00e9vrier 2024 \u2022 Th\u00e9\u00e2tre La Passerelle \u2022 Jacou (34) suivi d\u2019une d\u00e9dicace<br \/>\nLe 17 f\u00e9vrier 2024 \u2022 Festival \u00ab\u00a0Ou\u00efes dire\u00a0\u00bb, Le Polaris \u2022 Corbas (69) <em>Lecture sonore et anim\u00e9e<\/em><br \/>\nLe 29 novembre 2023 \u00e0 16 h \u2022 M\u00e9diath\u00e8que \u2022 N\u00e9bian (34)<br \/>\nLe 29 novembre 2023 \u00e0 10 h \u2022 M\u00e9diath\u00e8que \u2022 Paulhan (34)<br \/>\nLe 28 novembre 2023 \u2022 Salle municipale \u2022 Montredon-des-Corbi\u00e8res (11)<br \/>\nLe 18 novembre 2023 \u2022 Salon du livre \u00ab\u00a0Haltes Nomades\u00a0\u00bb \u2022 Maz\u00e8res-sur-Salat (31)<br \/>\nLes 16 et 17 novembre 2023 \u2022 Salle des f\u00eates \u2022 Montespan (31)<\/p>\n<p><strong><span style=\"color: #ff6600;\">2022-2023<\/span><\/strong><\/p>\n<p>Juillet 2023 tourn\u00e9e CCAS \/ Lecture sonore et anim\u00e9e \u2022 Ar\u00e8s (33) \u2022 Soulac (33) \u2022 Domme (24) \u2022 Montirin (15)<br \/>\nLe 28 mai 2023 \u2022 <a href=\"http:\/\/www.ville-chateaudun.fr\/Culture\/Le-Theatre-Municipal\" target=\"_blank\" rel=\"noopener\">Th\u00e9atre municipal<\/a> \u2022 Ch\u00e2teaudun (28)<br \/>\nLe 28 avril 2023 \u2022\u00a0 Centre culturel Brenot\u00a0\u2022 Grigny (69)<br \/>\nLe 26 avril 2023 \u2022 Th\u00e9\u00e2tre Bassaget \u2022 Mauguio (34)<br \/>\nLe 24 avril 2023 \u2022 <a href=\"https:\/\/www.montpellier.fr\/520-maison-pour-tous-marie-curie.htm\" target=\"_blank\" rel=\"noopener\">Maison pour tous Marie Curie <\/a>\u2022 Montpellier (34)<br \/>\nLe 2 avril 2023 \u2022 <a href=\"https:\/\/www.conches-en-ouche.fr\/agenda\/79961\" target=\"_blank\" rel=\"noopener\">Festival du livre \u00ab\u00a0Les Mots d&rsquo;Ouche\u00a0\u00bb, M\u00e9diath\u00e8que A. Recours<\/a> \u2022 Conches sur Ouche (27)<br \/>\nLe 7 f\u00e9vrier 2023 \u2022 <a href=\"https:\/\/maisondusavoir.fr\/\">Maison du savoir \u2022 Saint Laurent de Neste<\/a> (65)<br \/>\nLes 2 et 3 f\u00e9vrier 2023 \u2022 <a href=\"http:\/\/www.lepolaris.org\/\" target=\"_blank\" rel=\"noopener\">Le Polaris<\/a> \u2022 Corbas (69)<br \/>\nLe 31 janvier 2023 \u2022 Ecole maternelle R. Roland \u2022 Valence (26)<br \/>\nLe 20 janvier 2023 \u2022 <a href=\"https:\/\/mediatheques.rhone-crussol.fr\/au-programme\" target=\"_blank\" rel=\"noopener\">M\u00e9diath\u00e8que Rh\u00f4ne Crussol \u2022 Nuit de la lecture<\/a> \u2022 Guilherand-Granges (07) <em>Lecture sonore et anim\u00e9e<\/em><br \/>\nLe 8 d\u00e9cembre 2022 \u00e0 10h45 \u2022 Ecole maternelle Winston Churchill \u2022 Montpellier (34)<br \/>\nLe 31 octobre 2022 \u2022<a href=\"https:\/\/www.calvisson.com\/wp-content\/uploads\/2022\/09\/FRANCAS-123Soleil-Programme-2022.pdf\" target=\"_blank\" rel=\"noopener\"> Festival 1,2,3 soleil <\/a>\u2022 Souvignargues (30)<br \/>\nLe 15 octobre 2022 \u2022 <a href=\"https:\/\/www.troyeslachampagne.com\/agenda\/35eme-salon-regional-du-livre-pour-la-jeunesse\/\" target=\"_blank\" rel=\"noopener\">Salon r\u00e9gional du livre pour la jeunesse<\/a> \u2022 Troyes (10)<br \/>\n<em>Lecture dessin\u00e9e avec Samuel Ribeyron<\/em><\/p>\n<p><span style=\"color: #ff6600;\"><strong>2021-2022<\/strong><\/span><\/p>\n<p>Du 28 au 30 juin 2022 \u2022 Festival Les Rencontres d\u2019\u00c9t\u00e9 en Normandie \u2022 Caen (14)<br \/>\nLe 23 avril 2022\u2022 Salon du Livre de Paris-Le Grand Palais \u00c9ph\u00e9m\u00e8re\u2022 Paris\u00a0<em class=\"\"><span class=\"\">Lecture sonore &amp; anim\u00e9e<br \/>\n<\/span><\/em>Le 30 avril 2022\u2022 Th\u00e9\u00e2tre L\u2019Agora \u2022 Le Cr\u00e8s (34) <em class=\"\"><span class=\"\">Lecture sonore &amp; anim\u00e9e<br \/>\n<\/span><\/em>Le 6 avril 2022 \u2022 M\u00e9diath\u00e8que Georges P\u00e9rec \u2022 Gagny (93)\u00a0<em class=\"\"><span class=\"\">Lecture sonore &amp; anim\u00e9e<br \/>\n<\/span><\/em>Du 01 au 02 avril\u00a02022 \u2022\u00a0 Espace culturel Le Cairn \u2022\u00a0 Lans en Vercors (38)<br \/>\nDu 24 au 25 mars 2022 \u2022\u00a0 Th\u00e9\u00e2tre J\u00e9r\u00f4me Savary \u2022 Villeneuve-l\u00e8s-Maguelone (34)<br class=\"\" \/>Du 12 au 13 mars 2022 \u2022\u00a0F\u00eate du Livre de Bron \u2022\u00a0 Bron (69)<br \/>\nDu 28 f\u00e9vrier au 03 mars 2022 \u2022 Th\u00e9\u00e2tre Le Radiant Bellevue\u00a0 \u2022\u00a0 Cuire et Caluire (69)<br \/>\nLe 25 f\u00e9vrier 2022 \u2022\u00a0Maison Pour Tous L\u2019Escouta\u00efre \u2022\u00a0Montpellier (34)<br \/>\nLe 23 f\u00e9vrier 2022 \u2022 Th\u00e9\u00e2tre Chateaubriand \u2022\u00a0 Saint Malo (35)<br \/>\nLes 18 et 20 janvier 2022 \u2022 Le Karavan Th\u00e9\u00e2tre \u2022\u00a0 Chassieu (69<em class=\"\"><span class=\"\">) dates report\u00e9es saison 2022 2023<br \/>\n<\/span><\/em>Le 5 d\u00e9cembre 2021 \u2022 Salon du Livre et de la Presse Jeunesse de Montreuil (93) <em class=\"\"><span class=\"\">Lecture dessin\u00e9e<br \/>\n<\/span><\/em>Du 18 au 19 novembre 2021\u2022 Th\u00e9\u00e2tre L\u2019Agora \u2022 Le Cr\u00e8s (34)<br \/>\nDu 07 au 09 octobre 2021 \u2022 Festival Les Z\u2019enfants d\u2019abord \u2022 Quissac, Carnas, Durfort (30)<br \/>\nLe 19 septembre 2021 \u2022 Maison Pour Tous Joseph Ric\u00f4me \u2022 Montpellier (34)<\/p>\n<p><span style=\"color: #ff6600;\"><strong>2020-2021<\/strong><\/span><\/p>\n<p><em>Tourn\u00e9es report\u00e9es\u2026<\/em><\/p>\n<p><span style=\"color: #ff6600;\"><strong>2019-2020<\/strong><\/span><\/p>\n<p>Le 23 f\u00e9vrier 2020 \u2022 Th\u00e9\u00e2tre Jean-Pierre Cassel, le Grau du Roi (30)<br \/>\nDu 06 au 08 f\u00e9vrier 2020 \u2022 Th\u00e9\u00e2tre G\u00e9rard Philippe de St Chamond (42)<br \/>\nLe 04 d\u00e9cembre 2019 \u2022 M\u00e9diath\u00e8que Montaigne, Frontignan (34)<br \/>\nLe 03 d\u00e9cembre 2019 \u2022 Ecole Winston Churchill, Montpellier (34)<br \/>\nLe 30 novembre 2019 \u2022 M\u00e9diath\u00e8que de Chassieu (69)<br \/>\nLe 29 novembre 2019 \u2022 M\u00e9diath\u00e8que de la C\u00f4te d\u2019Aime<br \/>\nLe 19 novembre 2019 \u2022 Festival Text\u2019en sc\u00e8ne, P\u00e9z\u00e9nas (34)<br \/>\nLe 18 octobre 2019 \u2022 Ecole du centenaire, Lav\u00e9rune (34)<\/p>\n<p><span style=\"color: #ff6600;\"><strong>2018-2019<\/strong><\/span><\/p>\n<p>Le 08 juin 2019 \u2022 M\u00e9diath\u00e8que \u2022 St Mathieu (34) (Tourn\u00e9e m\u00e9diath\u00e8que d\u00e9partementale 34)<br \/>\nLe 07 juin 2019 \u2022 M\u00e9diath\u00e8que \u2022 Montarnaud (34) (Tourn\u00e9e m\u00e9diath\u00e8que d\u00e9partementale 34)<br \/>\nLe 01 juin 2019 \u2022 Festival\u00a0<em>la Dinette,<\/em>\u00a0(Bouillon Cube) \u2022 La Grange-Causse de la Selle (34)<br \/>\nLe 15 mai 2019 \u2022 Festival\u00a0<em>la Dinette,<\/em>\u00a0(Bouillon Cube) \u2022 Claret (34)<br \/>\nLe 15 mai 2019 \u2022 M\u00e9diath\u00e8que \u2022 Teyran (34) (Tourn\u00e9e m\u00e9diath\u00e8que d\u00e9partementale 34)<br \/>\nLe 06 avril 2019 \u2022 M\u00e9diath\u00e8que \u2022 Puissalicon (34) (Tourn\u00e9e m\u00e9diath\u00e8que d\u00e9partementale 34)<br \/>\nLe 06 avril 2019 \u2022 M\u00e9diath\u00e8que \u2022 Roquebrun (34) (Tourn\u00e9e m\u00e9diath\u00e8que d\u00e9partementale 34)<br \/>\nLe 02 avril 2019 \u2022 Le S\u00e9maphore \u2022 Roussillon (38)<br \/>\nLe 16 mars 2019 \u2022 M\u00e9diath\u00e8que \u2022 Laurens (34) (Tourn\u00e9e m\u00e9diath\u00e8que d\u00e9partementale 34)<br \/>\nLe 19 mars 2019 \u2022 Th\u00e9\u00e2tre Albar\u00e8de \u2022 Ganges (34)<br \/>\nLe 09 f\u00e9vrier 2019 \u2022 M\u00e9diath\u00e8que Aim\u00e9 C\u00e9saire \u2022 Bourg-en-Bresse (01)<br \/>\nDu 23 au 26 janvier 2019 \u2022 Espace culturel L\u2019Atrium \u2022 Tassin-la-Demi-Lune (69)<br \/>\nLe 12 janvier 2019 \u2022 M\u00e9diath\u00e8que Pierresvives \u2022 Montpellier (34)<br \/>\nLe 20 d\u00e9cembre 2018 \u2022 Ecoles \u2022 Saint Germain-en-Gal (38)<br \/>\nLe 18 d\u00e9cembre 2018 \u2022 Ecole maternelle Marie Pape-Carpantier \u2022 Montpellier (34)<br \/>\nDu 8 au 12 octobre 2018 \u2022 Scolaire et tout public \u2022 Th\u00e9\u00e2tre de Vienne (38)<br \/>\nDu 1 au 04 octobre 2018 \u2022 Service culturel Ville de Frontignan(34)<br \/>\nLe 23 septembre 2018 \u2022 Les Chapiteaux du Livre \u2022 Sortie Ouest \u2022 B\u00e9ziers (34)<\/p>\n<p><span style=\"color: #ff6600;\"><strong>2017-2018<\/strong><\/span><\/p>\n<p>Les 7 et 8 juin 2018 \u2022 Salon litt\u00e9rature jeunesse Par Monts et Par Mots \u2022 Auch (32)<br \/>\nLe 28 avril 2018 \u2022 M\u00e9diath\u00e8que \u2022 Lignan-sur-Orb (34)<br \/>\nLe 8 avril 2018 \u2022 Festival de Part et d\u2019autre \u2022 Maison pour Tous Albert Camus \u2022 Montpellier (34)<br \/>\nDu 12 au 21 f\u00e9vrier 2018 \u2022 scolaires et tout public \u2022 th\u00e9\u00e2tre La Vista \u2022 Montpellier (34)<br \/>\nLe 26 janvier 2018 \u2022 Ecole \u00e9l\u00e9mentaire Marc Lentillon \u2022 Ecole maternelle Le Petit Prince \u2022 Jardin (38)<br \/>\nLe 25 janvier 2018 \u2022 Ecole Victoire Daubi\u00e9 \u2022 Chonas-l\u2019Amballan (38)<\/p>\n<p><span style=\"color: #ff6600;\"><strong>2016-2017<\/strong><\/span><\/p>\n<p>Le 13 juin 2017 \u2022 \u00c9tablissement public de coop\u00e9ration culturelle travail et culture\u00a0\u2022 Saint-Maurice-l\u2019Exil (38)<br \/>\nLe 23 mai 2017 \u2022 Ecole Virginia Woolf \u2022 Maison pour Tous L\u00e9o Lagrange \u2022 Montpellier (34)<br \/>\nLes 7 et 8 avril 2017 \u2022 scolaire et tout public \u2022 La M\u00e9tairie des Arts \u2022 Saint Pantal\u00e9on-de-Larche (19)<\/p>\n","protected":false},"excerpt":{"rendered":"<p>Puisette et Fragile en tourn\u00e9e Les tourn\u00e9es de Puisette &amp; Fragile 2023-2024 Le 6 mars 2024 \u2022 Maison pour tous Fanfonne Guillierme \u2022 Montpellier (34) Les 3, 4 et 5 mars 2024 \u2022 Th\u00e9\u00e2tre Jean Alary \u2022 Carcassonne (11) Le<\/p>\n","protected":false},"author":1,"featured_media":0,"parent":0,"menu_order":0,"comment_status":"closed","ping_status":"closed","template":"","meta":{"footnotes":""},"aioseo_notices":[],"_links":{"self":[{"href":"https:\/\/artsvivantscieparadisiaque.fr\/index.php\/wp-json\/wp\/v2\/pages\/2576"}],"collection":[{"href":"https:\/\/artsvivantscieparadisiaque.fr\/index.php\/wp-json\/wp\/v2\/pages"}],"about":[{"href":"https:\/\/artsvivantscieparadisiaque.fr\/index.php\/wp-json\/wp\/v2\/types\/page"}],"author":[{"embeddable":true,"href":"https:\/\/artsvivantscieparadisiaque.fr\/index.php\/wp-json\/wp\/v2\/users\/1"}],"replies":[{"embeddable":true,"href":"https:\/\/artsvivantscieparadisiaque.fr\/index.php\/wp-json\/wp\/v2\/comments?post=2576"}],"version-history":[{"count":27,"href":"https:\/\/artsvivantscieparadisiaque.fr\/index.php\/wp-json\/wp\/v2\/pages\/2576\/revisions"}],"predecessor-version":[{"id":3116,"href":"https:\/\/artsvivantscieparadisiaque.fr\/index.php\/wp-json\/wp\/v2\/pages\/2576\/revisions\/3116"}],"wp:attachment":[{"href":"https:\/\/artsvivantscieparadisiaque.fr\/index.php\/wp-json\/wp\/v2\/media?parent=2576"}],"curies":[{"name":"wp","href":"https:\/\/api.w.org\/{rel}","templated":true}]}}